{"id":515,"date":"2024-08-05T09:44:13","date_gmt":"2024-08-05T07:44:13","guid":{"rendered":"https:\/\/skmed.mymon.name\/index.php\/produkt\/suseny-vceli-pel-460g-pet-obal\/"},"modified":"2024-08-05T09:44:13","modified_gmt":"2024-08-05T07:44:13","slug":"suseny-vceli-pel-460g-pet-obal","status":"publish","type":"product","link":"https:\/\/skmed.mymon.name\/index.php\/produkt\/suseny-vceli-pel-460g-pet-obal\/","title":{"rendered":"Su\u0161en\u00fd v\u010del\u00ed pe\u013e 460g &#8211; PET obal"},"content":{"rendered":"<p style=\"text-align: justify;\"><span style=\"color: #000000;\">Slovensk\u00fd<\/span><span style=\"color: #000000;\"> Su\u0161en\u00fd v\u010del\u00ed pe\u013e je kvalitn\u00fd pe\u013e priamo od v\u010del\u00e1ra, bez pr\u00edsad, <span style=\"color: #000000;\">konzervantov<\/span>, farb\u00edv a pod., pred\u00e1vame iba \u010disto pr\u00edrodn\u00fd su\u0161en\u00fd pe\u013e vlastnej produkcie bez akejko\u013evek \u00fapravy (okrem su\u0161enia), to znamen\u00e1 \u017ee, od n\u00e1s dostanete pe\u013e priamo z \u00fa\u013ea.<br \/><\/span><span style=\"color: #ff0000;\"><strong>Viac inform\u00e1ci\u00ed o Slovenskom Su\u0161enom v\u010de\u013eom peli n\u00e1jdete na tomto linku tu <a href=\"vceli-pel\" target=\"_blank\" title=\"V\u010del\u00ed pe\u013e\" rel=\"noopener\"><span style=\"color: #ff0000;\">V\u010cEL\u00cd PE\u013d<\/span><\/a><\/strong><\/span><\/p>\n<p><span style=\"color: #000000;\">Slovensk\u00fd Su\u0161en\u00fd v\u010del\u00ed pe\u013e <\/span><span style=\"color: #000000;\">poch\u00e1dza z vlastnej produkcie z \u010dist\u00e9ho prostredia na\u0161ich v\u010deln\u00edc ktor\u00e9 sa nach\u00e1dzaj\u00fa na juhu stredn\u00e9ho Slovenska v katastri obci Dolinka, viac inform\u00e1ci\u00ed o na\u0161ich v\u010delniciach n\u00e1jdete na tejto str\u00e1nke tu<\/span> <a href=\"nase-vcelnice\" target=\"_blank\" title=\"Na\u0161e v\u010delnice\" rel=\"noopener\">NA\u0160E V\u010cELNICE<\/a>.<\/p>\n<p style=\"text-align: justify;\"><span style=\"color: #000000;\"><span style=\"color: #000000;\">Trad\u00edcia v\u010del\u00e1renia je v na\u0161ej rodine zachovan\u00e1 u\u017e od roku 1944,<\/span> \u010do pre spotrebite\u013ea zaru\u010duje najvy\u0161\u0161iu kvalitu pe\u013eu ak\u00fa m\u00f4\u017ee dosta\u0165.<\/span><\/p>\n<p><span style=\"color: #000000;\">Pe\u013e na na\u0161ej v\u010delnici z\u00edskavame pomocou pe\u013eochytov, \u010di\u017ee ide o obn\u00f4\u017ekovan\u00fd v\u010del\u00ed pe\u013e. Pe\u013e su\u0161\u00edme pomocou \u0161peci\u00e1lnej su\u0161i\u010dky ur\u010denej na su\u0161enie pe\u013eu. Pe\u013e sa su\u0161\u00ed \u0161etrn\u00fdm sp\u00f4sobom pri teplote 40\u00b0C.<\/span><\/p>\n<p style=\"text-align: justify;\"><span style=\"color: #000000;\">Pe\u013e je balen\u00fd v PET obale, \u010dist\u00e1 v\u00e1ha pe\u013eu v PET obale je 460 gramov.<\/span><\/p>\n<p style=\"text-align: justify;\"><span style=\"color: #000000;\"><span style=\"color: #000000; background-color: #ffff00;\"><span style=\"color: #000000; background-color: #ffff00;\"><strong>Skladovanie pe\u013eu:<\/strong> <span style=\"text-decoration: underline;\">V\u00a0uzavretej n\u00e1dobe, na tmavom a\u00a0suchom mieste pri teplote do 4\u00b0C, <strong><em>Odpor\u00fa\u010dame<\/em><\/strong>: Mal\u00e9 mno\u017estvo ktor\u00e9\u00a0<span style=\"color: #000000; background-color: #ffff00;\"><span style=\"text-decoration: underline;\">aktu\u00e1lne<\/span><\/span> u\u017e\u00edvate\u00a0 skladova\u0165 v chladni\u010dke, a zvy\u0161ok pe\u013eu skladova\u0165 v mrazni\u010dke<\/span>.<\/span><br \/><\/span><\/span><\/p>\n<p style=\"text-align: justify;\">\u00a0<\/p>\n<p style=\"text-align: justify;\">\u00a0<\/p>\n<p style=\"text-align: justify;\"><span style=\"color: #000000;\"><span style=\"color: #000000;\"><strong>Zlo\u017eenie<\/strong>: obn\u00f4\u017ekov\u00fd v\u010del\u00ed pe\u013e<br \/><\/span><\/span><\/p>\n<p style=\"text-align: justify;\"><span style=\"color: #000000;\"><span style=\"color: #000000;\">Po otvoren\u00ed a pri dlhodobom skladovan\u00ed skladova\u0165 pri teplote do 4<span style=\"color: #000000;\"><span style=\"color: #000000;\"><span class=\"st\"><span class=\"st\">\u00b0C, <\/span><\/span><\/span><\/span> v uzavretej n\u00e1dobe na tmavom a suchom mieste.<\/span><\/span><\/p>\n<p style=\"text-align: justify;\"><span style=\"color: #000000;\"><span style=\"color: #000000;\"><span class=\"st\"><span class=\"st\"><strong>Hmotnos\u0165 obsahu<\/strong> 460 g<\/span><\/span><\/span><\/span><\/p>\n<p style=\"text-align: justify;\"><span style=\"color: #000000;\"><span style=\"color: #000000;\"><span class=\"st\"><span class=\"st\"><strong>V\u00fdrobca:<\/strong> Peter Pi\u0161\u00e1k, Bo\u017eeny N\u011bmcovej 51, 990 01\u00a0 Ve\u013ek\u00fd Krt\u00ed\u0161, Slovensk\u00e1 republika<\/span><\/span><\/span><\/span><\/p>\n<p style=\"text-align: justify;\"><span style=\"color: #000000;\"><span style=\"color: #000000;\"><span class=\"st\"><span class=\"st\"><strong>Priemern\u00e9 v\u00fd\u017eivov\u00e9 \u00fadaje na 100g v\u00fdrobku:<\/strong> energia 1179 kJ\/282 kcal, tuky 5,9 g, z toho nas\u00fdten\u00e9 mastn\u00e9 kyseliny 0,7 g, sacharidy 41,1 g, z toho cukry 39,8 g, bielkoviny 15,3 g, so\u013e 0,13 g.<\/span><\/span><\/span><\/span><\/p>\n<p style=\"text-align: justify;\"><span style=\"color: #000000;\"><span style=\"color: #000000;\"><span class=\"st\"><span class=\"st\"><strong>Krajina p\u00f4vodu:<\/strong> Slovensk\u00e1 republika<\/span><\/span><\/span><\/span><\/p>\n<p style=\"text-align: justify;\">\u00a0<\/p>\n<p style=\"text-align: justify;\">\u00a0<\/p>\n<p style=\"text-align: justify;\"><span style=\"color: #000000;\"><span style=\"color: #000000;\">Jednotkov\u00e1 cena: 1 kg =\u00a0<span style=\"color: #000000;\"><span style=\"color: #000000;\">19,54<\/span><\/span> \u20ac<\/span><\/span><\/p>\n<p style=\"text-align: justify;\"><span style=\"color: #000000;\"><span style=\"color: #000000;\">Hmotnos\u0165 produktu pre v\u00fdpo\u010det ceny dopravy ( vr\u00e1tane baliaceho materi\u00e1lu a pod.) v kg: 0.6000<\/span><\/span><\/p>\n<p style=\"text-align: justify;\">\u00a0<\/p>\n<p style=\"text-align: justify;\">\u00a0<\/p>\n<p style=\"text-align: justify;\">\u00a0<\/p>\n<p style=\"text-align: center;\"><span title=\"\"><span style=\"background-color: #ffff00; color: #000000; font-size: medium;\"><strong><span style=\"font-size: x-large;\">!!!<\/span> <span style=\"font-size: large;\">OCENENIE <span title=\"\"><span style=\"background-color: #ffff00; color: #000000; font-size: medium;\"><strong><span style=\"font-size: x-large;\">!!!<\/span><\/strong><\/span><\/span><br \/>su\u0161en\u00e9ho v\u010delieho pe\u013eu na celoslovenskej s\u00fa\u0165a\u017ei\u00a0<\/span><\/strong><\/span><\/span><\/p>\n<p style=\"text-align: center;\"><span style=\"color: #3366ff; background-color: #ffffff; font-size: medium;\" title=\"\"><strong>(aktualiz\u00e1cia 5\/2024)<\/strong><\/span><\/p>\n<p style=\"text-align: center;\">\u00a0<span style=\"background-color: #0000ff; color: #0000ff;\"><strong><span style=\"background-color: #ffffff; font-size: small;\"><span style=\"background-color: #0000ff; color: #0000ff;\"><strong><span style=\"background-color: #ffffff; font-size: small;\"><br \/>N\u00e1\u0161 su\u0161en\u00fd v\u010del\u00ed pe\u013e <span style=\"background-color: #0000ff; color: #0000ff;\"><strong><span style=\"background-color: #ffffff; font-size: small;\">z\u00edskal v <span style=\"color: #000000;\">s\u00fa\u0165a\u017ei o najlep\u0161\u00ed v\u010del\u00ed pe\u013e na Slovensku<\/span> v roku 2023 organizovan\u00fd Slovensk\u00fdm zv\u00e4zom v\u010del\u00e1rov (SZV) <span style=\"color: #ff0000; font-size: medium;\">v <\/span><span style=\"background-color: #0000ff; color: #0000ff;\"><strong><span style=\"background-color: #ffffff; font-size: small;\"><span style=\"color: #ff0000; font-size: medium;\">kateg\u00f3rii zmie\u0161an\u00fd pe\u013e 2. miesto<\/span>, viac info na <a href=\"diplom-za-2-miesto-v-kategorii-zmiesany-pel-sutaz-szv-2023\" target=\"_blank\" title=\"Diplom za 2. miesto v kateg\u00f3rii zmie\u0161an\u00fd pe\u013e - s\u00fa\u0165a\u017e SZV 2023\" rel=\"noopener\">linku TU <\/a><\/span><\/strong><\/span><\/span><\/strong><\/span><\/span><\/strong><\/span><\/span><\/strong><\/span><span style=\"background-color: #ffff00; color: #000000; font-size: medium;\"><strong><br \/><\/strong><\/span><\/p>\n<p style=\"text-align: center;\"><span style=\"background-color: #0000ff; color: #0000ff;\"><strong><span style=\"background-color: #ffffff; font-size: small;\">V minulosti bol n\u00e1\u0161 su\u0161en\u00fd v\u010del\u00ed pe\u013e tie\u017e pravidelne oce\u0148ovan\u00fd na celoslovensk\u00fdch s\u00fa\u0165a\u017eiach v kateg\u00f3rii v\u010del\u00ed pe\u013e\u00a0 <span style=\"color: #000000;\">v roku 2018<\/span>\u00a0\u00a0<span style=\"background-color: #0000ff; color: #0000ff;\"><strong><span style=\"background-color: #ffffff; font-size: small;\"><span style=\"color: #ff0000; font-size: medium;\"> 1. miestom<\/span>, viac info na <a href=\"diplom-za-1-miesto-v-kategorii-pel-agrokomplex-2018\" target=\"_blank\" rel=\"noopener\">linku TU<\/a>, <span style=\"color: #000000;\">v roku 2017<\/span> <span style=\"color: #ff0000; font-size: medium;\">3. miestom <span style=\"color: #0000ff; font-size: small;\">viac info na <a href=\"diplom-za-3-miesto-v-kategorii-pel-zmiesany-agrokomplex-2017\" target=\"_blank\" rel=\"noopener\">linku TU<\/a><\/span><\/span>, <span style=\"color: #000000;\">v roku 2020<\/span> <span style=\"color: #ff0000; font-size: medium;\">2. miestom\u00a0<\/span> <span style=\"background-color: #0000ff; color: #0000ff;\"><strong><span style=\"background-color: #ffffff; font-size: small;\"><span style=\"background-color: #0000ff; color: #0000ff;\"><strong><span style=\"background-color: #ffffff; font-size: small;\"><span style=\"color: #ff0000; font-size: medium;\"><span style=\"color: #0000ff; font-size: small;\">viac info na <a href=\"diplom-za-2-miesto-v-kategorii-vceli-pel-sutaz-szv-2020\" target=\"_blank\" rel=\"noopener\">linku TU<\/a><\/span><\/span><\/span><\/strong><\/span><\/span><\/strong><\/span>, <span style=\"color: #000000;\">v roku 2021<\/span> <span style=\"color: #ff0000; font-size: medium;\">2. miestom <span style=\"background-color: #0000ff; color: #0000ff;\"><strong><span style=\"background-color: #ffffff; font-size: small;\"><span style=\"background-color: #0000ff; color: #0000ff;\"><strong><span style=\"background-color: #ffffff; font-size: small;\"><span style=\"color: #ff0000; font-size: medium;\"><span style=\"color: #0000ff; font-size: small;\">viac info na <a href=\"diplom-za-2-miesto-v-kategorii-vceli-pel-sutaz-szv-2021\" target=\"_blank\" rel=\"noopener\">linku TU, <\/a><span style=\"background-color: #0000ff; color: #0000ff;\"><strong><span style=\"background-color: #ffffff; font-size: small;\"><span style=\"background-color: #0000ff; color: #0000ff;\"><strong><span style=\"background-color: #ffffff; font-size: small;\">a <span style=\"color: #000000;\">v roku 2022<\/span> <span style=\"color: #ff0000; font-size: medium;\">2. miestom <span style=\"background-color: #0000ff; color: #0000ff;\"><strong><span style=\"background-color: #ffffff; font-size: small;\"><span style=\"background-color: #0000ff; color: #0000ff;\"><strong><span style=\"background-color: #ffffff; font-size: small;\"><span style=\"color: #ff0000; font-size: medium;\"><span style=\"color: #0000ff; font-size: small;\">viac info na<\/span><\/span><\/span><\/strong><\/span><\/span><\/strong><\/span><\/span><\/span><\/strong><\/span><\/span><\/strong><\/span><a href=\"diplom-za-2-miesto-v-kategorii-vceli-pel-sutaz-szv-2021\" target=\"_blank\" rel=\"noopener\"><span style=\"background-color: #0000ff; color: #0000ff;\"><strong><span style=\"background-color: #ffffff; font-size: small;\"><span style=\"background-color: #0000ff; color: #0000ff;\"><strong><span style=\"background-color: #ffffff; font-size: small;\"><span style=\"color: #ff0000; font-size: medium;\"><span style=\"background-color: #0000ff; color: #0000ff;\"><strong><span style=\"background-color: #ffffff; font-size: small;\"><span style=\"background-color: #0000ff; color: #0000ff;\"><strong><span style=\"background-color: #ffffff; font-size: small;\"><span style=\"color: #ff0000; font-size: medium;\"><span style=\"color: #0000ff; font-size: small;\">\u00a0<\/span><\/span><\/span><\/strong><\/span><\/span><\/strong><\/span><\/span><\/span><\/strong><\/span><\/span><\/strong><\/span><\/a><strong><strong><strong><a href=\"diplom-za-2-miesto-v-kategorii-zmiesany-pel-sutaz-szv-2022\" target=\"_blank\" title=\"Diplom za 2. miesto v kateg\u00f3rii zmie\u0161an\u00fd pe\u013e - s\u00fa\u0165a\u017e SZV 2022\" rel=\"noopener\">linku TU <\/a><\/strong><\/strong><\/strong><\/span><\/span><\/span><\/strong><\/span><\/span><\/strong><\/span><\/span><\/span><strong><span style=\"background-color: #ffff00; color: #000000; font-size: medium;\"><strong><br \/><\/strong><\/span><\/strong><\/strong><\/span><\/span><\/strong><\/span>.<\/p>\n<p style=\"text-align: center;\"><a href=\"download\/pel_2_miesto_2023.jpg\" target=\"_blank\" title=\"Diplom za 2. miesto v kateg\u00f3rii zmie\u0161an\u00fd pe\u013e - s\u00fa\u0165a\u017e SZV 2023\" rel=\"noopener\"><img decoding=\"async\" src=\"download\/pel_2_miesto_2023.jpg\" border=\"0\" alt=\"Diplom za 2. miesto v kateg\u00f3rii zmie\u0161an\u00fd pe\u013e - s\u00fa\u0165a\u017e SZV 2023\" title=\"Diplom za 2. miesto v kateg\u00f3rii zmie\u0161an\u00fd pe\u013e - s\u00fa\u0165a\u017e SZV 2023\" width=\"230\" height=\"167\" \/><\/a><a href=\"download\/vceli_pel_2_miesto_trencin_2022.jpg\" target=\"_blank\" title=\"Diplom za 2. miesto v kateg\u00f3rii zmie\u0161an\u00fd pe\u013e - s\u00fa\u0165a\u017e SZV 2022\" rel=\"noopener\"><img decoding=\"async\" src=\"download\/vceli_pel_2_miesto_trencin_2022.jpg\" border=\"0\" alt=\"Diplom za 2. miesto v kateg\u00f3rii zmie\u0161an\u00fd pe\u013e - s\u00fa\u0165a\u017e SZV 2022\" title=\"Diplom za 2. miesto v kateg\u00f3rii zmie\u0161an\u00fd pe\u013e - s\u00fa\u0165a\u017e SZV 2022\" width=\"230\" height=\"163\" \/><\/a><\/p>\n<p style=\"text-align: center;\"><a href=\"images\/16\/diplom_1_miesto_pel_agrokomplex_2018.jpg\" target=\"_blank\" title=\"Diplom za 1. miesto v kateg\u00f3rii pe\u013e v s\u00fa\u0165a\u017ei o najlep\u0161\u00ed pe\u013e z pr\u00edle\u017eitosti Celo\u0161t\u00e1tnej po\u013enohospod\u00e1rskej v\u00fdstavy Agrokomplex 2018 organizovan\u00fd Slovensk\u00fdm zv\u00e4zom v\u010del\u00e1rov (SZV)\" rel=\"noopener\"><img decoding=\"async\" src=\"images\/16\/diplom_1_miesto_pel_agrokomplex_2018.jpg\" border=\"0\" width=\"230\" \/><\/a><a href=\"images\/15\/diplom_3_miesto_pel_agrokomplex_2017-1.jpg\" target=\"_blank\" title=\"Diplom za 3. miesto v kateg\u00f3rii pe\u013e v s\u00fa\u0165a\u017ei o najlep\u0161\u00ed pe\u013e z pr\u00edle\u017eitosti Celo\u0161t\u00e1tnej po\u013enohospod\u00e1rskej v\u00fdstavy Agrokomplex 2017 organizovan\u00fd Slovensk\u00fdm zv\u00e4zom v\u010del\u00e1rov (SZV)\" rel=\"noopener\"><img decoding=\"async\" src=\"images\/15\/diplom_3_miesto_pel_agrokomplex_2017-1.jpg\" border=\"0\" width=\"230\" \/><\/a><\/p>\n<p style=\"text-align: center;\"><a href=\"images\/18\/pel_2_miesto_2021.jpg\" target=\"_blank\" title=\"Diplom za 2. miesto v kateg\u00f3rii pe\u013e v s\u00fa\u0165a\u017ei o najlep\u0161\u00ed pe\u013e na Slovensku v roku 2020 organizovan\u00fd Slovensk\u00fdm zv\u00e4zom v\u010del\u00e1rov (SZV)\" rel=\"noopener\"><img decoding=\"async\" src=\"images\/18\/pel_2_miesto_2021.jpg\" border=\"0\" width=\"230\" height=\"163\" \/><\/a><a href=\"images\/17\/pel_2_miesto_2020.jpg\" target=\"_blank\" title=\"Diplom za 2. miesto v kateg\u00f3rii pe\u013e v s\u00fa\u0165a\u017ei o najlep\u0161\u00ed pe\u013e na Slovensku v roku 2020 organizovan\u00fd Slovensk\u00fdm zv\u00e4zom v\u010del\u00e1rov (SZV)\" rel=\"noopener\"><img decoding=\"async\" src=\"images\/17\/pel_2_miesto_2020.jpg\" border=\"0\" width=\"230\" \/><\/a>\u00a0<\/p>\n<p style=\"text-align: center;\"><span style=\"background-color: #ffffff; color: #0000ff;\"><span style=\"color: #000000;\">&#8212;&#8212;&#8212;&#8212;&#8212;&#8212;&#8212;&#8212;&#8212;&#8212;&#8211;<\/span><\/span><\/p>\n<p align=\"center\"><strong><span style=\"text-decoration: underline;\"><span style=\"color: #008000;\"><a href=\"certifikat-na-pouzivanie-znacky-regionalny-produkt-hont\" target=\"_blank\" title=\"Certifik\u00e1t region\u00e1lny produkt HONT - Peter Pi\u0161\u00e1k\" rel=\"noopener\"><span style=\"color: #008000; text-decoration: underline;\">Sme dr\u017eite\u013eom certifik\u00e1tu pre pou\u017e\u00edvanie zna\u010dky REGION\u00c1LNY PRODUKT HONT pre n\u00e1\u0161 su\u0161en\u00fd v\u010del\u00ed pe\u013e, certifik\u00e1t si m\u00f4\u017eete pozrie\u0165 TU<\/span><\/a><\/span><\/span><span style=\"text-decoration: underline;\"><br \/><\/span><\/strong><\/p>\n<p align=\"center\">\u00a0<\/p>\n<p align=\"center\"><span style=\"background-color: #ffffff; color: #0000ff;\"><span style=\"color: #000000;\">&#8212;&#8212;&#8212;&#8212;&#8212;&#8212;&#8212;&#8212;&#8212;&#8212;&#8211;<\/span><\/span><\/p>\n<p>\u00a0<\/p>\n<p><span style=\"color: #000000;\"><a href=\"potvrdenie-o-registracii-na-rvps-vk\" target=\"_blank\" title=\"Potvrdenie o registr\u00e1cii na Region\u00e1lnej veterin\u00e1rnej a potravinovej spr\u00e1vy vo Ve\u013ekom Krt\u00ed\u0161i\" rel=\"noopener\"><span style=\"color: #000000; font-size: small;\"><strong><span style=\"color: #0000ff;\">Potvrdenie o registr\u00e1cii na Region\u00e1lnej veterin\u00e1rnej a potravinovej spr\u00e1ve vo Ve\u013ekom Krt\u00ed\u0161i na predaj medu kone\u010dn\u00e9mu spotrebite\u013eovi n\u00e1jdete na tejto str\u00e1nke tu<\/span><\/strong><\/span><\/a><\/span><\/p>\n<p>\u00a0<\/p>\n","protected":false},"excerpt":{"rendered":"<p>Slovensk\u00fd Su\u0161en\u00fd v\u010del\u00ed pe\u013e je kvalitn\u00fd pe\u013e priamo od v\u010del\u00e1ra, bez pr\u00edsad, konzervantov, farb\u00edv a pod., pred\u00e1vame iba \u010disto pr\u00edrodn\u00fd su\u0161en\u00fd pe\u013e vlastnej produkcie bez akejko\u013evek \u00fapravy (okrem su\u0161enia), to znamen\u00e1 \u017ee, od n\u00e1s dostanete pe\u013e priamo z \u00fa\u013ea.Viac inform\u00e1ci\u00ed o Slovenskom Su\u0161enom v\u010de\u013eom peli n\u00e1jdete na tomto linku tu V\u010cEL\u00cd PE\u013d Slovensk\u00fd Su\u0161en\u00fd v\u010del\u00ed [&hellip;]<\/p>\n","protected":false},"featured_media":499,"comment_status":"open","ping_status":"closed","template":"","meta":[],"product_cat":[28],"product_tag":[],"class_list":{"0":"post-515","1":"product","2":"type-product","3":"status-publish","4":"has-post-thumbnail","6":"product_cat-suseny-vceli-pel","8":"first","9":"instock","10":"shipping-taxable","11":"purchasable","12":"product-type-simple","13":"add-to-wishlist-after_add_to_cart"},"_links":{"self":[{"href":"https:\/\/skmed.mymon.name\/index.php\/wp-json\/wp\/v2\/product\/515","targetHints":{"allow":["GET"]}}],"collection":[{"href":"https:\/\/skmed.mymon.name\/index.php\/wp-json\/wp\/v2\/product"}],"about":[{"href":"https:\/\/skmed.mymon.name\/index.php\/wp-json\/wp\/v2\/types\/product"}],"replies":[{"embeddable":true,"href":"https:\/\/skmed.mymon.name\/index.php\/wp-json\/wp\/v2\/comments?post=515"}],"wp:featuredmedia":[{"embeddable":true,"href":"https:\/\/skmed.mymon.name\/index.php\/wp-json\/wp\/v2\/media\/499"}],"wp:attachment":[{"href":"https:\/\/skmed.mymon.name\/index.php\/wp-json\/wp\/v2\/media?parent=515"}],"wp:term":[{"taxonomy":"product_cat","embeddable":true,"href":"https:\/\/skmed.mymon.name\/index.php\/wp-json\/wp\/v2\/product_cat?post=515"},{"taxonomy":"product_tag","embeddable":true,"href":"https:\/\/skmed.mymon.name\/index.php\/wp-json\/wp\/v2\/product_tag?post=515"}],"curies":[{"name":"wp","href":"https:\/\/api.w.org\/{rel}","templated":true}]}}